*2. Let d(z) = -4*t(z) - 3*u(z). Determine d(-4).
12
Suppose 0 = -4*u + 2*o + 8, -3*u + 8*u - 2*o - 12 = 0. Let k be ((-2)/u)/((-6)/36). Let q(v) = -2 + 0 + k*v**2 - v**2. Give q(-2).
6
Let p(j) = j - 1. Suppose 0 = -18*k + 16*k. What is p(k)?
-1
Suppose 2 + 2 = -4*b. Let n = -17 - -19. Let p(l) = -l**3 - l. Let r(y) = 6*y**3 + y**2 + 4*y + 1. Let z(i) = n*p(i) + r(i). Give z(b).
-4
Let c be 1/(-2) - 18/(-12). Suppose -h = -3 + c. Let o(x) = 2*x - x**2 - x - 7*x + 3 + 2*x. Determine o(h).
-9
Suppose -x + 4*x + 3 = 0. Let d(k) = -k**3 + k**2 + k. Let o be d(x). Let v(n) = -3*n + 0 - o - 7*n**3 + n. Calculate v(-1).
8
Let r(d) = d**3 + 3*d**2 - 3*d - 4. Let v = 7 + -10. Give r(v).
5
Let r be (-21)/(-27) + (-4)/(-18). Let i(c) = 2 - 6*c + 4*c + 5*c - r. Suppose -3*x - 5 = -2. What is i(x)?
-2
Let j(f) be the first derivative of -f**7/840 + f**6/72 - f**5/40 - f**4/24 - 5*f**3/3 - 5. Let k(b) be the third derivative of j(b). Determine k(4).
3
Let m be 3 - -4*(-2)/4. Let y(c) be the third derivative of -c**5/15 - c**4/24 + c**3/6 - 2*c**2. Calculate y(m).
-4
Let q(b) = -b**3 + b**2 + b. Suppose -a - 25 = -2*g, 2*a - 6*a = 4. Suppose -4*r - 4*i + 12 = 0, 6*r - 2*r - g = -i. Determine q(r).
-15
Let j(r) = -6*r**3 - 3*r + 1 + r**2 - 3*r**3 + 2*r. Calculate j(1).
-8
Let o(h) = h**2. Let q(a) = -a**3 + 11*a**2 + 4*a. Let v(c) = 6*o(c) - q(c). Calculate v(6).
12
Let j(n) = -n + 8. Let v be (-20)/((-8 - -3) + 3). Calculate j(v).
-2
Let a(f) = f**2 + 10*f + 7. Let j(u) = u + 1. Let d(o) = a(o) - 3*j(o). Let q be d(-7). Let h(w) = w**3 - 5*w**2 + 6*w - 3. What is h(q)?
5
Let k(s) = -s**2 + 6*s - 4. Let n be -2*1*3*-1. Let a be ((-21)/n - -2)*-2. Let m = a - -1. What is k(m)?
4
Suppose 0 = -h + 3*h - 6. Let p(l) = 4*l**2 + 0*l**3 + 5*l + 0*l + 2 + l**h + 0*l**2. Suppose -3*r - r = -4, -19 = 5*u - 4*r. Determine p(u).
-4
Let f(o) = -o**3 + 0*o**3 + 9*o**2 - 245*o - 11 + 238*o. Give f(8).
-3
Let o(p) = -14 - 7*p + 2*p**2 + 21 - p**2. Let u = 7 + -1. What is o(u)?
1
Let w(s) = 2*s + 1. Let k be (-2 + (-6)/(-3))/(-1). Let h = k + 1. Suppose 14 = 4*a + 3*o, 5*a - 2*o + h = 7. Determine w(a).
5
Let n(u) = 2*u - 7 + 18 - 5 - 3. What is n(5)?
13
Let j(l) = l**3 - l - 1. Suppose 9*h = -5*o + 4*h - 10, 4*h = 0. Calculate j(o).
-7
Let v(f) be the second derivative of f**5/20 + f**4/3 - f**3/3 + f**2 - 17*f. What is v(-4)?
10
Let p(f) = 18*f**2 + 1. Let t(d) = -d + 7. Let w be t(6). Give p(w).
19
Let j(k) = k**2 - 5*k. Let c be j(3). Let h(u) = -u**3 - 5*u**2 + 8*u + 9. Determine h(c).
-3
Let n = -2 + 6. Suppose j = -4*s + 2, -n*s = -3*j - 7*s + 6. Let c(b) = -b**2 + 4*b. What is c(j)?
4
Let o(k) be the first derivative of k + k**2 - 7/2*k**4 - 7 + 0*k**3. Give o(-1).
13
Let h(r) = -r**3 + r + 1. Let m be h(2). Let g(j) = -5*j**3 - 6*j**2 - 3*j - 10. Let d(v) = 1 + 0*v + 3*v + v**3 - 4*v. Let s(t) = 4*d(t) + g(t). What is s(m)?
4
Let m(k) = -17*k. Let x(f) = 4*f. Let n(g) = 6*m(g) + 26*x(g). Let t be n(11). Suppose -5*p + i - t = 0, p - 2 = -0*p - 3*i. Let c(b) = -b. What is c(p)?
4
Let t(u) = -u**2 - 5*u - 3. Let g(z) = -z**3 - 3*z**2 + 4*z + 4. Let q be g(-4). Suppose -m = q*m - 40. Suppose 0*w = 2*w + m. Determine t(w).
1
Let c(t) = t**2 + 6 - 4*t + 2*t + 2*t + 6*t. Give c(-4).
-2
Let p = 2 + -1. Let n(d) be the first derivative of 5*d**3/3 - d**2/2 + d - 9. Calculate n(p).
5
Let n(h) be the first derivative of h**3/3 + 9*h**2/2 - 6*h + 5. What is n(-10)?
4
Let j(d) = -d**3 - 7*d**2 + 8*d + 2. Let b be j(-8). Suppose 0*n = -n + b. Let x(h) = -h**2 + h**2 + 4 - 5*h**n + 3*h + 6*h**2. What is x(-3)?
4
Let h be (2 - 3/3)*-6. Let m(q) = -q**2 - 5*q + 5. Determine m(h).
-1
Let v(w) = -w**2 + w - 10. Let q = 10 - 8. Suppose -q = -4*a + 6, 2*c - 5*a = -10. What is v(c)?
-10
Let j(m) = 3*m. Suppose 0 = 3*t - 0 + 3. Let y be (2/(-2))/(t + 0). Give j(y).
3
Suppose -25 + 10 = -5*j. Let w(l) = -l - 3*l**3 - 3 + 2*l**j + 8*l**2 + 13 - 9*l. Give w(7).
-11
Let m(t) = 5 - 8*t + 4*t - 4 - 2*t. Give m(1).
-5
Let j(t) be the third derivative of t**5/60 - t**4/8 - t**3 - t**2. Suppose 0*u + 125 = 5*g + 3*u, 2*u + 66 = 2*g. Suppose -4*p - 8 = -g. Give j(p).
4
Let y(p) = -p**2 - 7*p + 2. Let v(o) = -2*o**2 - 14*o + 3. Let n(z) = -6*v(z) + 13*y(z). What is n(-6)?
14
Let i = -2 - -4. Suppose -5*c = 5*s - 15, 2*s = -0*c - c + i. Let u(y) = -4*y + 4 + y + 2*y - y. Determine u(c).
-4
Let j(r) = 3*r + 6. Let z = 20 + -24. Determine j(z).
-6
Let c(b) = b - 2. Let w be 1 - 3 - (-4 - -9)/5. Give c(w).
-5
Suppose -3*q = -3, 5*p + q = 2*q + 24. Suppose d - 3 = p*g, 2*g = -2*g. Let c(o) be the third derivative of o**5/30 - o**4/6 - 30*o**2. Determine c(d).
6
Let q(j) be the second derivative of j**5/20 - j**4/6 - j**3/3 - j**2/2 - 14*j. Calculate q(2).
-5
Let s be 50/10*3/5. Let r(k) = -6*k + 4*k**2 + 15 - 10 - s*k**2. What is r(6)?
5
Let c(v) = v**3 - 10*v**2 + 8*v + 13. Suppose 45 = -14*t + 19*t. Give c(t).
4
Suppose 2*r + 6 = q, -q + 3*r + 5 = -2. Let v(i) = -q - 1 + i + 3. Let c be (32/24)/(2*(-1)/6). What is v(c)?
-6
Let x(k) = 2*k - 2 - 13*k**2 + 11*k**2 + 2. Let t(z) = -3*z**2 + 5*z + 1. Let g(v) = -3*t(v) + 5*x(v). Give g(-5).
-3
Let z(h) = 5*h**2 + h + 4. Let q(k) = -4*k**2 - 4. Let m(j) = 6*q(j) + 5*z(j). Give m(-5).
-4
Let y(j) = 3*j - 6. Let h be y(5). Let u(k) = -3*k + 4. Let m(q) = 7*q - 9. Let w(l) = h*u(l) + 4*m(l). What is w(1)?
1
Let i = -28 - -29. Let s(p) = -9*p**3 + p**2 + p - 1. Give s(i).
-8
Let o(x) be the third derivative of x**4/24 + 4*x**3/3 + 20*x**2. Calculate o(6).
14
Suppose 0*l - 4*l - 12 = -3*b, l - 16 = -4*b. Let g(n) = 3*n + 0*n + b - 4*n - n**2. Give g(-4).
-8
Let f = 4 + -1. Let j(u) be the third derivative of u**7/2520 - u**5/40 - 5*u**4/24 - 3*u**2. Let p(q) be the second derivative of j(q). Calculate p(f).
6
Let g(u) = u**3 + 4*u**2 - 5. Let k = 3 - 7. Let i = k + 0. Determine g(i).
-5
Let f = 14 - 17. Let g(i) = -2*i**2 - 4*i - 1. What is g(f)?
-7
Let b(m) = -m**3 + 11*m**2 + 7*m - 3. Let n(d) = d**2 + d - 1. Let f(r) = -b(r) + 6*n(r). Let a = 22 + -17. Calculate f(a).
-8
Let c(s) = 8*s**2 - s + 1. Let r(w) = 24*w**2 - 4*w + 4. Let x(d) = 7*c(d) - 2*r(d). What is x(1)?
8
Let y(l) = l**3 + 3*l**2 - 2*l + 2. Let x(f) = -f**3 + 21*f**2 - 4. Let h be x(21). What is y(h)?
-6
Let o be (37 + 1)/((-4)/(-2)). Let j(n) = -o + 29 + 2*n - 13 - n**2. Let l = 5 - 2. What is j(l)?
-6
Let a = 2 + -6. Let p(s) = -2*s**2 + 2*s + 0*s**2 + s**2 + s**3 + 1 + 6*s**2. Give p(a).
9
Suppose 23 = 4*t + q, 4*t - 6 = t + 3*q. Let b(f) = 3 + 4*f - f - 4*f. Give b(t).
-2
Let j be (2 - 40/6)*-6. Suppose -5*d - 4 = -t, 3*t = -5*d - 0*d - j. Let v(i) = i**2 + 5*i - 5. Calculate v(t).
1
Let x(f) = -3*f + 2. Let j = 67 - 65. Determine x(j).
-4
Let v(l) = -l**3 - 3*l**2 - 10*l - 1. Let n(g) = g**2 - g + 1. Let d(x) = 3*n(x) - v(x). Determine d(-5).
-6
Let u = -3 - -9. Let w(z) = z**3 - z**2 + 1. Let j(k) = k - 4. Let c be j(5). Let f(g) = 4*g**3 + 8*g - 1. Let t(b) = c*f(b) - 5*w(b). What is t(u)?
6
Let p be (-27)/9 + 2/(1 + 0). Let d(h) = h - 1. Let l(a) = -4*a - 2. Let y(z) = -3*d(z) + l(z). What is y(p)?
8
Let t(n) be the second derivative of -n**4/12 + n**3/3 + 5*n**2/2 - n. Let w be 8 + -9 + 2*1. Let s = 5 - w. What is t(s)?
-3
Let y be 2/4 + (-2)/4. Let j(r) be the third derivative of r**5/60 - r**3/6 - 19*r**2. Calculate j(y).
-1
Suppose 2*m = 10, -2*r + 155 = 3*r + 5*m. Suppose n - 5*o + r = 0, 2 = -2*n - 5*o + 10. Let k(g) = -g**3 - 6*g**2 - 5. Calculate k(n).
-5
Let x(s) = -3*s**3 + 4*s**3 - 53 + s**2 + 49 + 3*s**2 - 8*s. Let v = 4 + -9. Determine x(v).
11
Suppose -4*t = -4*g - 12, -2*t = -4*g - 11 + 3. Let w(v) = v**2 - 7*v + 6. Let x(p) = -p**2 - 1. Let y(d) = t*x(d) + w(d). Calculate y(-6).
10
Let w(t) = 2*t**2 + 4*t - 6. Let h be w(-5). Let m be 2*4/h*6. Let l(z) = -z**3 + z - 1. Give l(m).
-7
Let f(y) be the first derivative of 3*y**4/2 - y**2/2 + 6. What is f(-1)?
-5
Let p be (3 - 1)/(2/4). Suppose 0 = 4*c - 5*z + 3, -3*c + p*c - 9 = -2*z. Let w(o) be the second derivative of o**5/20 - o**4/4 + o**2/2 + 4*o. Calculate w(c).
1
Let p(q) = q**3 + 3*q**2 - 5*q - 6. Let j = -20 + 35. Let v = j + -19. What is p(v)?
-2
Suppose -4*n + 6 - 18 = 0. Let k be (-26)/6 - 1/n. Let l(c) be the first derivative of c**2/2 - c - 8. Determine l(k).
-5
Suppose 0 = 53*q - 44*q - 36. Let p(u) be t